t k(g) = -g - 3. Let i = -20 - -30. Suppose i = -3*n - 14. Calculate k(n).
5
Let m(a) be the second derivative of -a**4/12 - a**3/3 + a**2 + a + 3. Suppose -5 - 10 = 5*v. Give m(v).
-1
Suppose 0 = -3*k - 22 + 13. Let p(c) = -c**3 - 3*c**2 + c - 1. Calculate p(k).
-4
Let d be (-2 + 0)/(1 - -1). Let m be -1 + d + 0/(-5). Let z be -5 - -4 - m/(-1). Let u(f) = -f**3 - 2*f**2 + 3*f + 3. Calculate u(z).
3
Let y(l) = l**2 + l - 2. Suppose -73 = -5*m - 83. What is y(m)?
0
Suppose -10 = -9*b - 37. Let w(y) be the third derivative of y**5/60 + y**3/2 + y**2. What is w(b)?
12
Let v(s) be the first derivative of -s**2/2 - 12*s - 2. Suppose n + 4 = -n - 2*b, -4*n - 2*b - 14 = 0. Give v(n).
-7
Suppose -2 - 1 = -3*i. Suppose i + 8 = -3*r. Let v(q) = -q + 1. What is v(r)?
4
Let f be 3/9*3 + 1. Let d(o) = 0*o**2 + o + 0*o**f - o**2 - 1 - 2*o. What is d(-2)?
-3
Let a = 156 + -154. Let d(t) be the third derivative of -t**5/20 + t**4/12 + t**3/3 - t**2. Give d(a).
-6
Let x(s) = -18*s**3 + s**2 - 1. Suppose 0 = -m - 0 - 1. Determine x(m).
18
Let z(b) be the first derivative of b**3/3 - 3*b**2/2 + b - 1. Let x = -8 + 12. Calculate z(x).
5
Let q(p) be the second derivative of -p**3/6 - 5*p**2/2 - p. Suppose -f + 21 = 2*r, 0 = -0*r + 3*r - 5*f - 51. Suppose -w - r = 2*w. Give q(w).
-1
Let f(l) = -l**3 + 4*l**2 - 2*l + 3. Suppose 3*w - 4*w = 2*t - 32, -3*w = -2*t - 128. Let r be (2/5)/(4/w). Give f(r).
-5
Suppose -3*i + 0 = 9. Let q be 0/i + (34 - 1). Let n be 1/4 + q/12. Let b(t) = t**3 - t**2 - 4*t + 3. Calculate b(n).
9
Suppose 4*r - 18 = r. Let i(w) = 8*w + 7. Suppose 19 = 5*c + 74. Let d(o) = 3*o + 2. Let b(u) = c*d(u) + 4*i(u). Determine b(r).
0
Let s(t) = t**3 - 5*t**2 + t - 7. Suppose 2*k + 1 = 4*w + 3, -2*k + w + 5 = 0. Suppose -k*y - 15 = 2*y. Let q be ((-2)/(-2))/(y/(-15)). Give s(q).
-2
Suppose 6 = -b + 2*b + 3*n, -5*b - 4*n + 8 = 0. Let p(k) be the first derivative of 2 + 3*k - 1/2*k**2. Determine p(b).
3
Let w be ((2/7)/1)/(6/84). Let i(l) = 2*l**2 - 3*l - 4. What is i(w)?
16
Let m(j) be the first derivative of -j**2/2 + 9*j + 1. What is m(7)?
2
Suppose -4*q = -1 - 15. Let j(a) = -a**3. Suppose -3*y + 7*y = 5*o - 1, -5*y = 5*o - 10. Let v(u) = 3*u**3 + 4*u**2. Let x(r) = o*v(r) + 4*j(r). Calculate x(q).
0
Let r(w) = 10*w - 2*w + 5 - 5*w - 4*w. Calculate r(8).
-3
Let x be (-1 - 2 - -2)*1. Let u be (2/(-3))/(x/(-3)). Let p(a) be the second derivative of -a**4/12 - a**3/6 - a**2/2 - a. What is p(u)?
-3
Let j(a) be the first derivative of 3*a**2/2 + 6. Calculate j(5).
15
Suppose u - 4*n = -9, -5*u = -u - 5*n + 3. Let l(m) = -2*m**2 - m**2 + 1 + 4*m + u*m**3 - 2*m**3 - 2*m**3. Determine l(-4).
1
Suppose 4*c = -0*f - 4*f, -4*c + 4*f = -24. Let l(s) = s**2 + s**3 - s - 3*s**2 - s**2 + 0*s**3 - 1. Calculate l(c).
-4
Let g(a) be the second derivative of -5*a**3/6 + a**2 - a + 5. What is g(5)?
-23
Let g(i) = i**2 - 10*i - 10. Suppose -9*k = k - 110. Give g(k).
1
Let m(w) = 7*w. Let n(p) = -6*p. Let c(t) = 5*m(t) + 6*n(t). What is c(-3)?
3
Let v be (12/9)/1*3. Suppose v*m + 6 = o - 5, -4*m - 5 = o. Let n(i) = -i + 0*i**2 + 2*i - 11 + 15 - i**3 + 2*i**2. What is n(o)?
-2
Let t(b) be the second derivative of b**4/12 - 2*b**3/3 - b**2/2 - 20*b. Calculate t(5).
4
Let u(b) = -b**2 + 6*b. Let a(n) = -n - 2 + n + 1 - 7*n. Let i be a(-1). Determine u(i).
0
Suppose 5*f + 3 = 28. Let s(r) = 2 + f*r + r**2 + 1 - r. Determine s(-4).
3
Let k(i) = -5 - 2*i + i - i**3 + 2*i + 6*i**2 - i**2. Let j = 8 - -1. Let w = 14 - j. Give k(w).
0
Let x(u) be the first derivative of -u**2 + 21. Suppose -3*h - i = -0*h + 1, -4*i - 20 = -4*h. Determine x(h).
-2
Let o(b) = b + 3. Let w(h) = h**2 - 8*h - 13. Let z = -4 + 13. Let d be w(z). Let x = d - -7. Determine o(x).
6
Let i(x) be the second derivative of 5*x**4/24 - 3*x**2/2 + 2*x. Let a(t) be the first derivative of i(t). Give a(-1).
-5
Let c(o) = -2*o**3 + 2*o**2 - 1. Suppose -3*r + 5*d - 22 = 0, -2*r = 3*d + d - 22. Calculate c(r).
-1
Let x(p) = -6 - 5*p + 3*p + p. Let a be 0/((0 - 1)*1). Suppose l - 2*l + 5 = a. Calculate x(l).
-11
Let a(m) = m**3 - m**2 - m + 2. Let f = -1 + 3. Suppose l = 3*g + 4, f*g + g = -5*l + 20. Determine a(g).
2
Let y(z) = z**3 + 2*z**2 - z. Let d(w) = -2*w**3 + 11*w**2 - 5*w - 2. Let x be d(5). Give y(x).
2
Let w(a) = -7*a**3 - 318*a + 316*a + 3 - 4 - a**2. Give w(-1).
7
Let b = -28 + 32. Let y(h) = -h**2 + 2*h + 1. Determine y(b).
-7
Suppose -6 = c - 8. Let r(j) = j**3 + 2*j**2 - 2. What is r(c)?
14
Let h be (-1 - -5 - 4)/2. Let a(o) = h + 3*o**2 + 2*o - 2*o**2 - 9 + o**3 - 3*o. Calculate a(0).
-9
Let n(j) = 24*j + 7 - 25*j + 3. Determine n(7).
3
Let d(c) be the third derivative of c**6/720 - c**5/120 + c**4/24 + 2*c**2. Let p(v) be the second derivative of d(v). Determine p(0).
-1
Let s(a) = 4*a**2. Let x be s(1). Let n(u) = 8*u - u - u - x - u**2. Calculate n(4).
4
Suppose -a - 12 = 4*j, a - 4 = 3*j + 5. Let d(p) = 2*p**2 + 3*p - 3. What is d(j)?
6
Let r(f) be the third derivative of -7*f**2 + 0*f + 0 + 2/3*f**3 - 1/24*f**4. Calculate r(4).
0
Let a(b) = b**2 - 2*b - 2. Let g(s) be the second derivative of -s**4/12 + s**3 - 3*s**2/2 + s. Let z = 0 - -5. Let r be g(z). Calculate a(r).
-2
Suppose -7 - 3 = 5*y. Let s = 10 + -7. Let v(z) = -2*z**s + 2*z - z**2 + 0 + 0. Calculate v(y).
8
Let a(j) = 29*j**3 + 4 - 2*j**2 + 4*j - j**2 + 26*j**3 - 56*j**3. Suppose -3*d = -3*x + 18, 0*d + 22 = -4*d + 3*x. Determine a(d).
4
Let c(y) = 3*y + 8. Let l(d) = -8*d - 23. Let k(x) = -11*c(x) - 4*l(x). Suppose -2*w = 4*u - 12 + 4, 5*w - 32 = 2*u. What is k(w)?
-2
Let h(w) = -w**2 - 3*w - 2. Let l = 39 + -27. Let m = 7 - l. Give h(m).
-12
Let f = 34 - 35. Let c(z) = 13*z**3 + 3*z**2 - 8*z - 8. Let p(u) = -9*u**3 - 2*u**2 + 5*u + 5. Let j(h) = 5*c(h) + 8*p(h). Determine j(f).
6
Let h(f) = f**2 + 2*f - 3. Let b be 2 - (0/(-2) + 0). Suppose 3*u = -b*u + 15. Let j = u - 7. Determine h(j).
5
Let j(t) be the first derivative of -t**2 + t + 3. Determine j(-4).
9
Suppose 12 = 17*d + 46. Let g(c) = 2*c**3 + c**2 - c + 1. Determine g(d).
-9
Let p(n) be the second derivative of 1/3*n**3 + 0*n**5 + 0*n**2 + 0 + 1/360*n**6 + n + 11/24*n**4. Let l(s) be the second derivative of p(s). Determine l(0).
11
Let b(q) be the second derivative of -q**4/12 + q**3 + 17*q - 2. Suppose -15 = -4*y + 5. Determine b(y).
5
Let x(k) = 3*k**2 - k. Let p be -1 + 2/(-5)*-5. Calculate x(p).
2
Let d(q) be the first derivative of -q**4/3 + q**3/2 - q**2 - q - 8. Let j(o) be the first derivative of d(o). Determine j(2).
-12
Let h(g) = 4*g - 5. Let i(u) = 7*u - 9. Let s(p) = 5*h(p) - 3*i(p). What is s(6)?
-4
Let d(l) = -1 - 2 + 4. Let i(g) = 11*g + 5 - 12*g + 0. Let x(v) = -11*d(v) + 2*i(v). What is x(-3)?
5
Let u(q) = 5*q - 8. Let y(r) = -11*r + 17. Let o(c) = -9*u(c) - 4*y(c). Give o(2).
2
Let k be ((-3)/3)/(2/10). Let d = -2 - k. Let s(f) = -6 - d + f + 6. What is s(0)?
-3
Let q = 20 - 21. Let z(w) = -w. Give z(q).
1
Let s(q) be the third derivative of -q**5/30 + q**4/24 + 2*q**2. Suppose 3 = -4*t - 1. Let y be s(t). Let r(k) = k - 3. Give r(y).
-6
Let s(z) = -z**3 + 6*z + 0*z**2 - 5*z**2 + 0*z**3 + 3. Determine s(-6).
3
Let q(x) = x - 1. Let a(s) = s**3 - s**2 - s + 1. Let j be a(1). Calculate q(j).
-1
Let d(x) be the third derivative of x**5/60 + 5*x**4/24 + x**3/3 - x**2. Let y(l) = -l**3 - 4*l**2 + 2*l + 6. Let w be y(-4). What is d(w)?
-4
Let v(s) = s + 2. Let r be (-6)/(-9)*-6*1. Let z = r - 1. Determine v(z).
-3
Suppose 5 = -l + 1. Let i(o) = -3 + 3*o - o - 4*o - o. What is i(l)?
9
Let r = -1 + 2. Let s(g) = r + 3*g - g - 2*g + 3*g. What is s(2)?
7
Suppose -3*g = 4 + 2. Let i be -1 + (g - 2/(-2)). Let w(x) = 3*x**3 + x**2 + 4. Let f(l) = 4*l**3 - l + 5. Let s(o) = -2*f(o) + 3*w(o). Calculate s(i).
2
Let p be (-34)/(-10) - (-9)/15. Suppose p*k + 4*v + 22 = -v, 0 = -3*k - v - 11. Let s(y) = y**3 + 2*y**2 - 5*y - 2. Give s(k).
4
Let u = 2 + -6. Let n(k) be the third derivative of -k**5/60 - 5*k**4/24 - k**3/2 - 8*k**2. Calculate n(u).
1
Let q(x) = 10*x**3 + 2*x**2 + x. Let k be (-12)/(-42) - (-9)/(-7). Determine q(k).
-9
Let c be 11 - (-4)/(-2) - 2. Let o(d) = -2 - c + 3 + 2 + d. Determine o(4).
0
Let c(j) = -6*j**3 - 1. Suppose 0 = -2*b + r + 2*r - 14, -2*b + 6 = 2*r. Determine c(b).
5
Let t(d) = -d**2 - 3*d + 1. Let z(p) = -1 - 6*p + 5*p + 3. Let b be z